. Is b + 0 - 3*-1 composite?
True
Let b be (-40)/7 + (-6)/21. Let m = 25 - b. Is m composite?
False
Let u = 16 - 13. Suppose 524 = -u*j + 7*j. Is j a composite number?
False
Suppose 0*q = q - 1. Suppose 0 = -y + 2 - q. Is ((-170)/4)/(y/(-2)) a composite number?
True
Suppose 4*g - 34 = 6. Let u be g/(-4)*(-30)/25. Is 21 - (u + -4 + 3) prime?
True
Let m = -95 - -189. Suppose 0 = 5*g - 3*l + m + 145, 0 = 3*l + 6. Is (-152)/(-7) - 14/g a prime number?
False
Let c(s) = -s**3 + 8*s**2 + s - 11. Let o be c(8). Is (-20)/o + 2/6 a prime number?
True
Is (-16 + 15)/(1/(-449)) composite?
False
Suppose -n + 4*r + 94 = -98, 3*r = 2*n - 384. Let c = -156 + 83. Let w = n + c. Is w composite?
True
Let g = 9 + 9. Is 1606/14 + g/63 composite?
True
Let s(n) = n**2 - 5*n - 17. Is s(-16) a prime number?
False
Let c(h) = -4*h + 449. Is c(0) a prime number?
True
Suppose 16 = -d + 165. Is d composite?
False
Let v be (1 + -2)/(1/(-6)). Suppose -4*q + v*q + 12 = 0. Let w(o) = -o**2 - 5*o + 8. Is w(q) a composite number?
False
Let q(u) = -u + 6. Let c be q(6). Let f be -4 + 4 - c/(-2). Suppose 0*y + 2*y - 14 = f. Is y a prime number?
True
Suppose -k + 0*k = 283. Let b be ((-4)/((-60)/1971))/((-6)/(-20)). Let g = k + b. Is g a prime number?
False
Let q = -246 - -550. Let o = -45 + q. Is o composite?
True
Suppose 0 = f - 3*f. Suppose f = -4*w + 6 + 6. Suppose 5*n + 52 = 4*x, 0*n + 13 = x + w*n. Is x a composite number?
False
Suppose -k - 2*k = 0. Suppose k = 2*o - 47 - 15. Is o a composite number?
False
Suppose 5*o = -t - 2*t + 43, -5*t - 5*o + 55 = 0. Let x(v) be the third derivative of v**4/12 - 3*v**3/2 + v**2. Is x(t) a composite number?
False
Suppose -5*y - 29 = -w - 3*w, 6 = -4*w - 2*y. Is 3/3*w*127 a prime number?
True
Suppose 2 = 2*q + 4*p, 3*p - 2 = -q - 0*p. Is -11*(10 + -3)*q prime?
False
Let n = 6817 + 2488. Is n a prime number?
False
Is 3124/7 - 26/91 composite?
True
Suppose 3*m = 4*d - 559, 2*d + 2*d - 551 = -5*m. Suppose -3*v - 51 - 153 = -3*c, -5*v = -2*c + d. Is c composite?
False
Let n(r) = -1009*r - 16. Is n(-1) composite?
True
Let o = 43 - 16. Let n = 176 - o. Is n a composite number?
False
Let u = -173 - -571. Let i = 1406 - 797. Let z = i - u. Is z a composite number?
False
Let p(s) = s**2 + s - 8. Is p(-6) a prime number?
False
Suppose -w = -m + 7, -3*m + 5 = -2*m + w. Let x = m - 10. Is 22/(-8)*x*1 composite?
False
Suppose -3*z - 4*n = -447, 5*z - 731 = -3*n + n. Let u = z - 78. Is u prime?
True
Let k(b) = -b**2 + 7*b - 4. Let o be k(3). Suppose 1 = -c - o. Let a = 20 + c. Is a prime?
True
Let d be (4/(-3))/((-2)/(-9)). Let v(f) = 7*f**2 - 4*f + 3. Let m be v(d). Suppose m + 116 = 5*n. Is n composite?
False
Suppose 0 = -2*c - 0*c. Suppose c = 3*k - 5*k + 8. Suppose -6*n + k*n = -170. Is n a prime number?
False
Let p(r) = 2*r**2 - r - 5. Is p(8) prime?
False
Let k(c) = 55*c + 30. Is k(11) prime?
False
Let s(v) = v**2 - 8*v + 5. Let g be s(7). Is -2 + (-483)/6*g composite?
True
Let h(g) = g**3 - g**2 + 79. Is h(0) a prime number?
True
Let m(k) = 54*k**2 - k. Suppose -4*x = -a - 4*a - 16, -4*a = -3*x + 13. Let f be (-11)/(-13) - a/26. Is m(f) a composite number?
False
Let a be (-22)/(-5) - 20/50. Is 118 - 4/a*0 a prime number?
False
Is ((-430)/(-20))/(2/4) a prime number?
True
Let c = 2 - -2. Suppose 88 = c*d - 64. Is d a prime number?
False
Let j(t) = 8*t**2 - t - 5. Is j(-4) prime?
True
Let x(k) = 24*k + 23. Is x(19) composite?
False
Suppose -1594 + 6189 = 5*h. Is h prime?
True
Let d(q) = q**3 - 13*q**2 + 17*q - 7. Is d(14) a composite number?
True
Suppose u + 7 = 14. Is u composite?
False
Suppose 0 = 5*s + 3*q - 4960, 0*s - 5*q = s - 992. Let i = s + -691. Is i a composite number?
True
Suppose 0 = -4*b + 82 + 766. Suppose b + 42 = 2*a. Let c = 182 - a. Is c a prime number?
False
Let x(d) = 211*d**2. Is x(1) a composite number?
False
Suppose -39 = -3*q - 0. Is q prime?
True
Is (-1159)/(-4) + (-15)/20 a prime number?
False
Suppose 2*w = 9 + 7. Is 3/12 + 630/w prime?
True
Suppose -k + 8 = 2. Suppose 0 = 2*h + k*z - z + 3, -4*h + 4*z + 36 = 0. Suppose -h*f + 2*f = -76. Is f a composite number?
False
Let l(b) = b**3 + 2*b**2 - 2*b + 1. Let w be l(-3). Let u be (-2)/w - (46 - 0). Let k = u + 82. Is k composite?
False
Suppose 2*q - l - 1 = 0, 2*l - 6*l = 4. Suppose -3*h - 5*j + 452 = q, -2*j - 194 = 3*h - 643. Is h a composite number?
False
Suppose -2*r = -r. Let j(k) = k**3 + 1. Let t be j(-1). Is 67*(r - (t + -1)) prime?
True
Is 4/8 - (-1586)/4 composite?
False
Let i(j) = -j**3 + 6*j**2 + 3*j + 6. Let v be i(5). Let l = 87 - v. Suppose 2*t - 67 = -m, -l - 52 = -3*t - 4*m. Is t a prime number?
False
Let q(c) = 39*c**2 + 1. Let u be q(-1). Let w be (u/4)/(2/4). Suppose -2*k + w = -8. Is k prime?
False
Let r = -18 - -13. Let f(p) = -p**3 - 3*p**2 - p - 2. Is f(r) a prime number?
True
Let f(z) = 374*z**2 - 1. Is f(1) a composite number?
False
Suppose 2*g - 140 = -3*l, -2*g - 2*l = 2*g - 296. Suppose 2*x = 4*x + 10, v = x - 38. Let w = g + v. Is w composite?
True
Suppose -3*n - 2 = -8. Suppose 14 = -n*g - 2*g + 2*m, 6 = -g - 2*m. Let s = g + 23. Is s a composite number?
False
Is ((-56)/32)/((-2)/24) prime?
False
Suppose -6*d + 2*d = 180. Let u = d - -80. Is u a composite number?
True
Let f = -38 - -69. Let a = -5 + 8. Suppose -a*n = -f - 14. Is n composite?
True
Let n = 185 - 128. Is n prime?
False
Suppose 2*z - z = 0. Suppose z = 2*d - 215 - 83. Is d composite?
False
Is (25/(-2))/((-3)/6) composite?
True
Suppose 5*l = 3*a - a + 28, -2*a = 2*l. Let b = 2 - l. Is (105/(-1) + -1)/b a prime number?
True
Let t(k) = k**3 + 9*k**2 - 3*k - 1. Let g be t(-8). Let c = g - -4. Is c a prime number?
False
Let r(g) = -g**2 - 8*g. Let c be r(-8). Suppose 3*u + 5*y - 18 = -c, -30 = -5*u - 2*y. Let f(b) = 16*b - 1. Is f(u) a prime number?
False
Suppose 0 = -4*c + z + z + 6356, -7971 = -5*c - 4*z. Is c a prime number?
False
Let n(j) = -j**2 - 3*j + 1. Let d be n(-3). Suppose -105 - d = -2*w. Is w composite?
False
Suppose -2*j + 4*j = 0. Let i be 1 + 1 - (j - 37). Suppose g = -k + i, -g - 2*g - 5*k = -121. Is g a prime number?
True
Let w be -6*(6/2)/(-3). Suppose y - 680 = w*y. Let s = -83 - y. Is s prime?
True
Let j(r) = -r**3 + 7*r**2 + 3*r - 6. Let k be 10*(-2)/8*-2. Is j(k) a composite number?
False
Suppose 6488 = 3*a + 2*z - 4499, z + 14642 = 4*a. Is a a prime number?
False
Suppose 0 = c + a, 0*c + 2*a + 2 = -c. Suppose -5*v - 58 + 18 = 0. Is c/v - (-399)/12 a prime number?
False
Let t(m) = 64*m**3 + 4*m**2 - 3*m - 1. Is t(3) a prime number?
False
Suppose 5*y + 2*f - 1170 = -3*f, -y + 229 = -4*f. Is y composite?
False
Suppose t + 2422 = -2*t + 2*a, 1622 = -2*t + 5*a. Is (-7)/42 + t/(-12) prime?
True
Suppose -r + 4*r - 3*v = -72, 5*v - 72 = 3*r. Is (-6174)/r + 2/(-8) composite?
False
Suppose -2*i = -0*i. Suppose i*j - 3*j = 0. Suppose j = -2*a + 6*a - 52. Is a a prime number?
True
Let n = -30 + 224. Is n a composite number?
True
Suppose 17*g - 9845 = 35222. Is g a prime number?
False
Let b(x) be the third derivative of x**6/30 - x**5/30 - x**4/24 - x**3/6 - 2*x**2. Let k = 5 - 3. Is b(k) a composite number?
True
Let a(y) = -y**2 + 14*y + 3. Let z(f) = f**2 - 27*f - 6. Let r(m) = -11*a(m) - 6*z(m). Let x(o) = o**2. Let p(b) = r(b) - 6*x(b). Is p(6) composite?
True
Suppose 4*u - 158 = 2*u. Is u composite?
False
Let p(h) = 11*h + 1. Let n(b) = -b**2 - 6*b - 1. Let l be n(-5). Suppose -2*u + l = 0, -4*i + 4 = -4*u - 0*u. Is p(i) a composite number?
True
Is (9 - -6) + (4 - 0) a prime number?
True
Let g = -2 + 6. Is 5/(-10) + 26/g prime?
False
Let a(y) = 2*y**2 + 3*y + 3. Let s be a(-2). Suppose -3*k + 5*g = 4*g - 639, 4*g - 868 = -4*k. Suppose -k - 111 = -s*u. Is u composite?
True
Suppose 114 = 2*p - 2*c - 112, 0 = -4*p + 5*c + 454. Is p a prime number?
False
Let c(n) = -n**3 - 8*n**2 + 2*n - 3. Let a be c(-6). Is (a/9)/((-4)/84) composite?
True
Let p be 100 + (1 - (1 - 1)). Let q(l) = -2*l**2 - 18*l - 11. Let m be q(-8). Suppose 2*c - m = c, 4*z + 5*c = p. Is z composite?
False
Let r = -1435 - -2414. Is r a prime number?
False
Suppose 4*f - 5 - 3 = 0. Let s be 37*(f + (1 - 2)). Let d = s - 18. Is d a composite number?
False
Suppose -y + 246 = -307. Is y prime?
False
Suppose 53*k - 3340 = 49*k. Is k a prime number?
False
Let u(a) = -a**3 - a**2 + 11*a - 5. Is u(-6) composi